.
1570
What is the highest common divisor of 178870707 and 15057?
2151
Calculate the highest common factor of 12262617 and 132246.
2133
Calculate the greatest common divisor of 964141 and 2877541.
1063
What is the greatest common factor of 1087864 and 1235?
19
Calculate the highest common factor of 402288 and 255345.
87
Calculate the highest common factor of 9 and 567493578.
9
Calculate the greatest common factor of 3550792 and 4279.
389
What is the highest common divisor of 46 and 5253361?
23
Calculate the greatest common factor of 63460422 and 378.
54
What is the highest common factor of 1065285412 and 332?
332
What is the greatest common factor of 2808011 and 124?
31
What is the greatest common factor of 2 and 1546825?
1
Calculate the highest common divisor of 19656 and 46099599.
273
What is the highest common divisor of 2086548 and 496?
124
What is the highest common divisor of 1656 and 6367734?
414
Calculate the highest common factor of 6741 and 281196.
963
Calculate the greatest common factor of 29538 and 126467494.
1094
What is the highest common divisor of 41910212 and 8057?
1151
Calculate the greatest common factor of 10513604 and 1.
1
What is the greatest common factor of 20160 and 476931?
21
Calculate the greatest common factor of 28260229 and 139.
139
What is the greatest common divisor of 402 and 14000722?
134
Calculate the highest common factor of 947232 and 305624.
2024
What is the greatest common factor of 11452 and 3458913?
409
What is the highest common divisor of 71 and 291217221?
71
What is the highest common factor of 2016950 and 9802?
754
Calculate the greatest common divisor of 1027 and 229619.
13
What is the highest common divisor of 8247345 and 73050?
7305
Calculate the highest common divisor of 231 and 966440937.
231
Calculate the greatest common factor of 422 and 110605567.
211
Calculate the highest common factor of 6137928 and 153.
9
What is the greatest common factor of 116617806 and 18576?
2322
Calculate the highest common divisor of 98640 and 11440.
80
What is the greatest common factor of 60549155 and 471551?
10033
Calculate the greatest common factor of 130106135 and 76016.
4751
Calculate the highest common divisor of 37692 and 48708.
108
Calculate the highest common divisor of 16464072 and 72.
24
Calculate the highest common factor of 350 and 309221150.
350
Calculate the greatest common divisor of 16632 and 719124.
84
Calculate the greatest common divisor of 190405 and 933945.
565
Calculate the highest common factor of 5313976 and 515.
103
What is the greatest common factor of 38078 and 124030?
158
What is the greatest common factor of 3309492 and 204?
204
Calculate the greatest common factor of 69 and 36893357.
23
What is the highest common factor of 1458 and 5154966?
18
Calculate the highest common divisor of 3400260 and 25140.
60
What is the highest common divisor of 24923866 and 1072?
134
What is the highest common factor of 22451483 and 1732?
433
What is the greatest common divisor of 80 and 217647728?
16
What is the highest common factor of 39118476 and 1128?
564
What is the highest common factor of 5370 and 1416490?
10
What is the greatest common factor of 5114100 and 3840?
60
Calculate the highest common factor of 471 and 1578946959.
471
What is the greatest common divisor of 13 and 81140735?
13
Calculate the greatest common factor of 14495 and 90386360.
1115
What is the highest common factor of 75 and 34025445?
15
What is the highest common factor of 2657345 and 321?
107
What is the highest common divisor of 18308 and 24564?
92
Calculate the greatest common divisor of 36432 and 2221248.
1104
What is the greatest common factor of 17521275 and 225?
75
What is the greatest common divisor of 380567 and 8294?
319
Calculate the highest common factor of 30511886 and 2842.
58
Calculate the greatest common divisor of 6 and 28385034.
6
What is the highest common factor of 40824 and 2174769?
81
What is the highest common divisor of 5950580 and 70964?
452
What is the highest common factor of 10215128 and 3234?
1078
Calculate the greatest common factor of 451686 and 83444.
1814
What is the highest common divisor of 754847 and 177641?
509
Calculate the greatest common factor of 35557857 and 1305.
261
Calculate the greatest common factor of 37160504 and 4728.
1576
Calculate the greatest common factor of 16620 and 66840100.
5540
Calculate the greatest common factor of 1222522 and 406.
14
What is the highest common factor of 951 and 17982459?
951
Calculate the highest common divisor of 22902035 and 130.
65
What is the greatest common factor of 67452 and 1399860?
924
Calculate the greatest common factor of 131799 and 303.
3
What is the greatest common factor of 85 and 87349706?
17
What is the highest common divisor of 216 and 600312?
24
Calculate the greatest common factor of 1713660 and 1060.
20
What is the greatest common divisor of 46881 and 25044872?
5209
Calculate the highest common divisor of 43471 and 8903.
29
What is the greatest common factor of 10275916 and 8?
4
What is the highest common factor of 405 and 70365?
15
What is the highest common divisor of 279945 and 25020?
45
What is the highest common divisor of 643851656 and 28?
28
Calculate the greatest common divisor of 1427014 and 682822.
646
Calculate the highest common factor of 4283136 and 2340.
468
Calculate the greatest common divisor of 37108808 and 396.
44
What is the highest common factor of 10737 and 102285?
9
Calculate the greatest common divisor of 84 and 25843965.
21
What is the greatest common divisor of 440300 and 116?
4
Calculate the highest common divisor of 495482 and 66621334.
8398
Calculate the highest common factor of 1296 and 69183.
9
Calculate the greatest common factor of 42 and 182251545.
21
Calculate the highest common divisor of 211 and 396578087.
211
Calculate the highest common divisor of 3437 and 12958472.
491
What is the highest common factor of 7550318 and 141559?
757
Calculate the highest common divisor of 72 and 45222864.
24
Calculate the greatest common factor of 9764064 and 5184.
2592
What is the greatest common divisor of 616241 and 873?
97
What is the highest common factor of 81328080 and 10?
10
Calculate the greatest common factor of 30868680 and 570.
30
Calculate the greatest common factor of 1673 and 170618.
7
What is the highest common divisor of 2160 and 61908660?
180
What is the highest common divisor of 1148533 and 5420897?
4469
What is the greatest common divisor of 110 and 4598730?
10
What is the greatest common factor of 492038817 and 94?
47
What is the greatest common divisor of 9778847 and 155987?
2197
Calculate the greatest common factor of 1062 and 144216.
18
What is the highest common divisor of 9977 and 209869?
11
What is the highest common divisor of 4704479 and 3939?
1313
Calculate the highest common divisor of 10337920 and 322480.
2320
What is the greatest common factor of 42974939 and 201?
67
Calculate the greatest common factor of 7870694 and 24531.
221
What is the greatest common divisor of 303710 and 10043?
121
Calculate the greatest common divisor of 26593 and 55020.
917
Calculate the greatest common divisor of 164 and 14099777.
41
What is the greatest common factor of 169740 and 277857?
369
What is the greatest common factor of 78606040 and 5567?
5567
What is the highest common factor of 120 and 70007100?
60
Calculate the greatest common divisor of 1306314 and 5134.
34
What is the highest common divisor of 109285 and 65120?
55
Calculate the highest common factor of 23980008 and 1057.
151
Calculate the greatest common divisor of 78 and 9514947.
39
Calculate the highest common divisor of 214 and 109403327.
107
What is the greatest common factor of 24390718 and 176?
22
Calculate the greatest common divisor of 5776 and 8357408.
16
Calculate the greatest common divisor of 2853768 and 120.
24
Calculate the greatest common divisor of 1247 and 16769946.
29
What is the highest common divisor of 11070 and 13095?
135
What is the highest common divisor of 330 and 230791?
11
What is the greatest common factor of 119048 and 1092592?
184
Calculate the highest common factor of 1032 and 70322286.
258
Calculate the greatest common divisor of 110789 and 1958824.
931
What is the greatest common divisor of 4226